inder when h is divided by 9.
8
Let k be (12/(-9) - -1)*-15. Suppose k*z + 10 - 55 = 0. Calculate the remainder when 34 is divided by z.
7
Let o(t) = t**3 + 3*t**2 + 2*t + 2. Let v be o(-3). Let m be (-9)/(-3) + v + 1. Let f = m - -8. Calculate the remainder when 21 is divided by f.
5
Let t(x) = -5*x**3. Let h be t(-1). Suppose 3*y = -h*i - 227, -i = 3*y + i + 224. Let l = -36 - y. Calculate the remainder when l is divided by 13.
12
Suppose -3*i + 63 = -0*i. Suppose 2*v = -2*v + 44. Calculate the remainder when i is divided by v.
10
Let f(m) = -m**3 - m**2 - m + 2. Let t be f(0). What is the remainder when 38 is divided by t + 1 + 221/13?
18
Let w = 143 - 88. What is the remainder when w is divided by 14?
13
Suppose 5*g - g - 157 = -5*f, -2*f - 122 = -4*g. What is the remainder when 63 is divided by g?
30
Suppose l = 2*s - 2*l - 148, 3*l = -2*s + 124. What is the remainder when s is divided by 23?
22
Let h = 3 - -1. Suppose -38 = -4*d - v + 3*v, 2*d + h*v - 34 = 0. What is the remainder when d is divided by 7?
4
Let v(o) = 10*o**2 + 3*o. Suppose -2*y = 3*y + 10. Calculate the remainder when v(y) is divided by 12.
10
Let u(o) = o**2 - 2*o - 2. What is the remainder when 15 is divided by u(-2)?
3
Let y(h) = 4*h**2 - 7*h + 11. Calculate the remainder when y(5) is divided by 26.
24
Let y = 19 + -13. Suppose a = 3*x - 20, 4*x - 3*a + 4*a - 22 = 0. Calculate the remainder when y is divided by (-2)/(-3) + 20/x.
2
Suppose 3*v + 0*v - 21 = 0. Suppose v*o - 3*o = 16. Calculate the remainder when 46/6 - (-4)/(-6) is divided by o.
3
Let h = -18 + 45. Suppose 0 = 3*d + i - 44, 2*i = d - 4 - 6. Calculate the remainder when h is divided by d.
13
Suppose -r + 5 + 14 = 0. Calculate the remainder when (2*165/(-6))/(-1) is divided by r.
17
Suppose -2 = -3*l + 7. What is the remainder when (2/6)/(1/21) is divided by l?
1
Let k(u) be the second derivative of u**5/20 - u**4/3 + u**3/3 - 2*u**2 + u. Calculate the remainder when k(5) is divided by 33/(-6)*-2 - 0.
9
Let t(n) = 2*n**2 - 8*n - 1. What is the remainder when 91 is divided by t(6)?
22
Suppose 16 = -2*c + 4. Calculate the remainder when ((-2)/6)/(c/198) is divided by 3.
2
Suppose -128 - 780 = -5*j + 4*h, 4*j - 4*h - 724 = 0. What is the remainder when j is divided by 62?
60
Let w = -57 + 87. What is the remainder when 88 is divided by w?
28
Suppose -331*m = -328*m - 96. Suppose 3*u + 47 = 7*u + 3*c, -24 = -2*u - 2*c. Calculate the remainder when m is divided by u.
10
Calculate the remainder when 33 is divided by 17/(((-4)/(-6))/(4/6)).
16
Suppose 4*w - 89 - 127 = 0. Suppose -g + 22 = o - 2*g, -15 = 5*g. What is the remainder when w is divided by o?
16
Let z = -223 + 91. Let y = 206 + z. Let h = -3 + y. Calculate the remainder when h is divided by 24.
23
Suppose 0 = 4*v - 0*v - 100. Suppose l = 5*w - 41, -2*w + 10 = -l - l. Calculate the remainder when v is divided by w.
7
Let m(x) = -x - 5. Let g be m(-10). Suppose 3*t - 7 = 2*p, p + 3 = -g*t + 32. What is the remainder when 18 is divided by t?
3
Let w = 169 + -113. Let r = 150 - 131. What is the remainder when w is divided by r?
18
Let s be 0 + -2 + 2 + -2. Calculate the remainder when ((-3)/(-9))/(s/(-282)) is divided by 16.
15
Suppose 0 = i + l + 4 - 41, i - 21 = -5*l. What is the remainder when i is divided by 6?
5
Suppose 0*h - 14*h + 112 = 0. Calculate the remainder when 30 is divided by h.
6
Suppose -3*p + 284 = 71. What is the remainder when p is divided by 12?
11
Let p be (-4)/2*(-1)/1. Suppose 14*t = 348 - 124. Suppose 2*j = -p*a + 2 + 10, -3*j = 5*a - t. What is the remainder when 11 is divided by j?
4
Suppose 0 = -6*b + b + 70. Let u(v) = 3*v - 10. What is the remainder when b is divided by u(6)?
6
Let w(o) = -o + 53. What is the remainder when w(0) is divided by (4/3)/(7/(-294)*-4)?
11
Suppose 0 = -u - 3*u + 228. Suppose 0*w + 5*o = -2*w + 180, 419 = 5*w - 3*o. Let f = w - u. What is the remainder when f is divided by 15?
13
Let k = 31 - 20. Let d(f) = f**2 - 9*f + 1. Let q(i) = i**2 - 4*i - 4. Calculate the remainder when d(k) is divided by q(6).
7
Let n = -161 - -203. What is the remainder when n is divided by 2/(-5) + (-114)/(-10)?
9
Calculate the remainder when 12 is divided by 3/(-6) - 68/(-8).
4
Let g(w) = w + 20. Calculate the remainder when g(-6) is divided by 9.
5
Let k(s) be the third derivative of s**5/60 + 13*s**3/6 - s**2. Let h = 58 - 54. Calculate the remainder when k(0) is divided by h.
1
What is the remainder when 25 is divided by (-12)/21 + 204/14?
11
What is the remainder when 47 is divided by ((-54)/15 - -2)/(3/(-30))?
15
Let w(o) = o**3 + 8*o**2 - 2*o - 3. Let t be w(-8). Let z = t + 18. Calculate the remainder when z is divided by 11.
9
Suppose 4*q + 236 = 6*q. Let r = 165 - q. Let t = r + -17. Calculate the remainder when t is divided by 16.
14
Suppose -r + n = -3*r + 109, -2*r - 3*n + 111 = 0. Calculate the remainder when r is divided by 14.
12
Let z = 105 - 73. Calculate the remainder when z is divided by 7.
4
Let z(b) = 1. Let x(m) = 3*m + 10. Let o(g) = -x(g) + 3*z(g). Let k(s) = -4*s + 1. Calculate the remainder when k(-5) is divided by o(-6).
10
Let l = 2 - -23. Calculate the remainder when l is divided by (-7)/(-35)*0 - 7/(-1).
4
Suppose -162 = -4*w + 3*f, 0*w - 2*w + 5*f + 74 = 0. What is the remainder when ((-14)/(-6))/(2/w) is divided by 13?
10
Let b be 4/(-8)*(-1 - -1). Suppose b*k = -k + 5*g + 19, 3*g + 76 = 4*k. Calculate the remainder when k is divided by ((-4)/6)/(8/(-84)).
5
Let f(j) = -9*j + 46. Let r be f(5). Let y = 0 + 9. Calculate the remainder when (r + -4)*(-147)/y is divided by 17.
15
Let r = -9 + 11. Let d(i) = -1 - 8*i - 6*i + r. What is the remainder when d(-2) is divided by 16?
13
Let t(w) = -w**2 + 2*w + 4. Let u be t(3). Let r(h) = 48*h + 1. What is the remainder when r(u) is divided by 13?
10
Suppose 3*r = r + 14. Let v(w) = -w**2 + 5*w - 1. Suppose 4*p - 8 = 8. Calculate the remainder when r is divided by v(p).
1
Suppose -5*t + 5 = -5*i, -2*i + 1 = 4*t - 21. What is the remainder when i is divided by 2?
1
Let l(r) = 13*r - 50. Suppose 0*w - w - t = -22, -4*w = -t - 103. Suppose -w = -5*q, -3*s - 2*q = -s - 68. Calculate the remainder when s is divided by l(5).
14
Suppose -5*a + 84 = 4*h - 5, 5*h - 75 = a. What is the remainder when 58 is divided by h?
10
Calculate the remainder when 6*(-4)/(-15)*5 is divided by ((-10)/(-16))/((-8)/(-64)).
3
What is the remainder when (68/10)/((-14)/(-35)) is divided by 10?
7
Let y(o) = -o**2 - 8*o + 7. Calculate the remainder when 25 is divided by y(-8).
4
Let u be (-165)/(-2)*8/10. Suppose -2*s = -5*s + u. Let g = 33 - s. What is the remainder when 21 is divided by g?
10
Let x(o) = 5*o + 14. Let w be x(6). Suppose y - w = -10. Calculate the remainder when y is divided by 7.
6
Let r = -37 + 38. What is the remainder when 3 is divided by r?
0
What is the remainder when 99 is divided by (-2)/(-4) - 390/(-20)?
19
Let c(s) be the first derivative of -6*s**2 + 3*s - 11. What is the remainder when c(-2) is divided by 14?
13
Suppose 13*i - 357 + 110 = 0. Suppose -t + 2*t - 74 = 0. What is the remainder when t is divided by i?
17
Let t = 4 - -10. Suppose -11*l - 45 = -t*l. What is the remainder when l is divided by 4?
3
Let o(h) = h**3 - h + 4. Let n be o(0). Calculate the remainder when 3 - (0/2 - n) is divided by 2.
1
Calculate the remainder when 42 is divided by 4/22 + 3/(132/388).
6
Suppose 0 = -3*k + 2*u - 4, 4*k - 17 = -5*u + 16. Suppose -3*m + k*m = -12. Calculate the remainder when 21 is divided by m.
9
Let f(b) = 14*b**2 - 3*b + 1. What is the remainder when f(2) is divided by 13?
12
Let h = 44 + -30. What is the remainder when 25 is divided by h?
11
Let x = 45 + -21. Suppose -2*d = d - x. Suppose 0 = -p - 0*p + d. What is the remainder when 30 is divided by p?
6
Let p(m) = -7*m + 1. Calculate the remainder when p(-10) is divided by 18.
17
Let p = 13 - 5. Let j = 59 - 38. What is the remainder when j is divided by p?
5
Let h = -4 - -3. Let l(c) = -44*c. What is the remainder when l(h) is divided by 15?
14
Let d(o) = -o**2 + 10*o + 24. What is the remainder when 49 is divided by d(11)?
10
Suppose -3*t + 8*t = -25. Let r = t - -5. Suppose 6*k - 3*k - 30 = r. What is the remainder when 18 is divided by k?
8
Suppose k = 2*c - 212, 0*c - c + 5*k + 106 = 0.